85. What is the units digit of x?
1
Let p = -3636 + 10702. What is the hundreds digit of p?
0
Suppose -2*a - 5076 = -4*a. Suppose 0 = c - 3, -5*c = 3*r - 4*c - a. What is the tens digit of r?
4
Let b(d) = d - 3*d + 0 - 1 + d. Let r(y) = 16*y + 14. Let v(x) = 8*b(x) - r(x). What is the tens digit of v(-10)?
1
Let k = 7 + 8. Let i = -190 - -201. Suppose -i*b = -k*b + 112. What is the units digit of b?
8
Let c be -1*(8 + -4)*(-13)/4. Let a be 520*(3 + c/(-5)). Suppose -p - a = -3*d, 2*d + 3*p = -2*p + 167. What is the units digit of d?
1
Suppose 0 = 147*b - 184*b + 299108. What is the units digit of b?
4
Let n(r) be the third derivative of -7*r**6/120 - r**5/24 - r**4/2 + r**2. Let y(u) be the second derivative of n(u). What is the units digit of y(-3)?
1
Suppose 274764 + 80192 = 4*f - 2*g, -4 = 2*g. What is the ten thousands digit of f?
8
Suppose 1125 = 5*a + 2*k, 4*k = a + 8*k - 225. Let y = 1111 - a. What is the hundreds digit of y?
8
Let y = -12474 - -19103. What is the thousands digit of y?
6
Let m = 575 - 279. Let j = -126 + m. What is the hundreds digit of j?
1
Let w(j) = 113*j**3 + 2*j + 1. Let o be w(-1). Let t = 51 - o. What is the tens digit of t?
6
Let j(v) be the second derivative of 3*v**5/2 - v**3/2 + 2*v**2 - 16*v + 1. Let x = 3 + -1. What is the hundreds digit of j(x)?
2
Let m = 140 - 138. Suppose l = m*l - 178. What is the hundreds digit of l?
1
Suppose -2*h - 6 = 0, 3*s + 4*h = 95 + 94. What is the units digit of s?
7
Let b be -12*(-1 + 15/20) - 3. Suppose -5*w = -b*w - 775. What is the hundreds digit of w?
1
Let m = 853 - -2486. What is the tens digit of m?
3
Suppose -u = -s - 4, 0*u - s + 32 = 5*u. Let o be -12*3/u*975. What is the units digit of o/(-91) - ((-12)/(-14))/3?
4
Let w(k) = 3*k**2 - 8*k + 3. Let t be w(3). Let q be 122/t*-3*(-2 - 3). Suppose 4*y = q + 191. What is the tens digit of y?
2
Let h = 21728 - 19302. What is the thousands digit of h?
2
Let u(a) = 18*a**2 + 15*a - 28. Let o be u(9). Suppose 3775 = 6*q - o. What is the hundreds digit of q?
8
Let s = -24472 + 37580. What is the ten thousands digit of s?
1
Let h(j) = -j**3 - 4*j + 53. Let n be h(7). Let i be ((-3)/(-2))/((-4)/(-1208)). Let f = i + n. What is the hundreds digit of f?
1
Let f = -14862 - -33839. What is the ten thousands digit of f?
1
Let j(x) = 418*x - 1376. What is the hundreds digit of j(19)?
5
Let f be (12/(-36))/((-2)/30). Suppose -f*t + q = -468, 2*t - 4*q = -2*q + 192. Suppose w = -2*w + t. What is the units digit of w?
1
Let b(v) = v**3 - 2*v**2 - 153*v - 7. Let t be b(17). Suppose 0*u - u - 1 = -4*a, 0 = -u + 2*a + 3. Suppose -t - 289 = -u*x. What is the tens digit of x?
8
What is the hundreds digit of (-27)/(((-91)/(-1134))/(-13))?
3
Suppose 4*l + 78*p - 132907 = 79*p, 2*l = -4*p + 66422. What is the units digit of l?
5
Let a(r) be the third derivative of 37*r**6/720 - 7*r**4/24 - 6*r**2. Let y(o) be the second derivative of a(o). What is the tens digit of y(1)?
3
Let h = -146 - -166. What is the units digit of (-3 + 4)*26 + h/10?
8
Let p(l) = 25*l**3 - 4*l**2 + 74*l - 90. What is the units digit of p(8)?
6
Let u = -62108 + 93033. What is the thousands digit of u?
0
Suppose -4*a + 5 + 7 = 0, -4*m = -5*a + 239. Let g = m - -47. Let s = g - -49. What is the units digit of s?
0
Let m(k) = 298*k**2 + 745*k - 8980. What is the tens digit of m(12)?
7
Let c be 532/21 - 3/9. Suppose 24*s - 139 = c*s. Let t = -55 - s. What is the units digit of t?
4
Let t = 71 + -62. Let p(g) = 2*g + 17. Let u be p(t). Suppose 7*w - u = -0. What is the units digit of w?
5
Let s be (-10)/8 + (-119)/(-28). Suppose l = -3*p + 262, 25 = 8*p - s*p. What is the units digit of l?
7
Let y(l) = l**2 - 83*l - 721. What is the ten thousands digit of y(-86)?
1
Let n = 8398 - -7878. What is the units digit of n?
6
Let f(a) = -2*a**3 - 57*a**2 - 10*a + 20. Let g be f(-28). Let k = g + 762. What is the units digit of k?
8
Let s(o) = 175*o**2 + 13*o - 3. Let y be s(-3). Let g be 22/18 + -1 + y/27. What is the units digit of g - (3/7)/((-3)/(-21))?
4
Suppose 5*a - 3*n = 55, -a = a + 3*n - 43. Suppose 12*r - a*r = -32. Suppose 0 = -17*q + r*q + 116. What is the tens digit of q?
1
Suppose 4*h + 2*y - 1427 = 447, 5*h + 5*y = 2340. Suppose -2*s + h = -3*p, 4*s + 2*p = 1041 - 111. What is the hundreds digit of s?
2
Suppose 50*q - 1356030 = -39*q - 82*q. What is the units digit of q?
0
Let t = -44 + 86. Let m(d) = -30*d - 60. Let l(b) = 3*b + 6. Let f(n) = t*l(n) + 4*m(n). What is the units digit of f(10)?
2
Suppose 23834 - 1369 = 5*o. Suppose 4*v - 9*v - o = -4*x, 4*x - 4486 = -2*v. Suppose 0 = 2*h - 13*h + x. What is the tens digit of h?
0
Let k(d) = -182*d - 630. What is the units digit of k(-20)?
0
Let x(i) = -7*i**3 - 3*i**2 - 5*i. Let k be ((-84)/(-98))/((-6)/(-28)). Suppose -2*u + c + 8 = k*c, 4*c - 10 = -3*u. What is the units digit of x(u)?
4
Let j(b) = b**3 + 31*b**2 - 111*b + 53. Let g(r) = r**2 + 22*r - 82. Let o be g(-24). What is the tens digit of j(o)?
5
Let y(a) = 36*a**3 + 2*a**2 - a - 4. Suppose 4*o - 5*u = 162, -5*o = -0*u - 3*u - 196. Let k = -36 + o. What is the tens digit of y(k)?
9
What is the units digit of 218/(-763) + 9*1*49359/63?
1
Let d(m) = -120*m + 101. Let r be d(7). Let u = -230 - r. What is the tens digit of u?
0
Let k(j) be the second derivative of j**5/60 + 3*j**4/4 - 8*j**3/3 - 6*j. Let q(s) be the second derivative of k(s). What is the tens digit of q(11)?
4
Let q(w) = -13733*w - 368. What is the hundreds digit of q(-1)?
3
Suppose -59*k - 5*k + 26816 = 0. What is the tens digit of k?
1
Let g(c) = -c**3 + 7*c**2 - 8*c - 2. Let x be g(3). Suppose 0 = -4*n - n + x. What is the tens digit of (69 - 2) + 2 - n?
6
Let s(r) = 11*r**3 + 10*r**2 + 6*r + 39. What is the tens digit of s(9)?
2
Let z = -377 + 314. What is the tens digit of 134 - (z/(-81) - 2/(-9))?
3
What is the hundreds digit of ((-2028)/13)/12 + 1852?
8
Let x(v) = -11*v**2 - 11*v + 5. Let a(k) = -33*k**2 - 32*k + 15. Let g(b) = -6*a(b) + 17*x(b). Let d be g(5). Let h = 418 - d. What is the tens digit of h?
2
Let i(n) = -3*n**2 + 2 - 2749*n**3 + 4*n + 0*n**2 + 2792*n**3. What is the tens digit of i(2)?
4
Let l(t) = 2*t**2 - 2*t - 1. Let y(k) = 11*k**2 + 4*k. Let a(m) = 2*l(m) + y(m). What is the tens digit of a(-6)?
3
Let k = 15793 - 10322. What is the hundreds digit of k?
4
Let g = -304 + -62. Let p = g - -572. What is the hundreds digit of p?
2
Suppose 0 = 308*p - 3352118 - 188958. What is the thousands digit of p?
1
Suppose 4*w - w - 2*b + 73 = 0, w = 5*b - 33. What is the units digit of -26 - w - (-441 - (-2 + 1))?
7
Suppose 5 = -2*f - 1. What is the tens digit of -22*4/(-16)*f*-12?
9
Let k = 65 - 65. Suppose -3*w = 5*i - 14, 5*w = -i - k*w - 6. What is the units digit of ((-36)/(-21))/(2/7)*i?
4
Suppose -14*r + 17*r = 1272. Let p = 763 - r. What is the tens digit of p?
3
Let k(m) = m**3 - 67*m**2 + 11*m - 102. What is the hundreds digit of k(69)?
1
Let r(l) = -7*l**3 - l**2 - 4*l + 60. Let k be r(-8). Suppose -118*w - k = -121*w. What is the tens digit of w?
0
Suppose 3*k + 8*t = 7*t + 33689, -3*k + 7*t + 33745 = 0. What is the ten thousands digit of k?
1
Let c = 27119 - 12965. What is the hundreds digit of c?
1
Let t(y) be the second derivative of -32*y + 1/12*y**4 + 0 - 1/2*y**2 + 7/3*y**3. What is the units digit of t(-18)?
1
Suppose 4*w - 4*t - 31596 = 0, -8*t + 7*t + 7905 = w. What is the hundreds digit of w?
9
Let n = -2515 - -5503. What is the units digit of n?
8
Let l(a) = 1713*a + 805. What is the hundreds digit of l(19)?
3
Let c(d) = -976*d + 614. What is the hundreds digit of c(-20)?
1
Suppose -62895*k + 62887*k + 116032 = 0. What is the hundreds digit of k?
5
Let m = 37 + 283. Let z = 572 - m. What is the tens digit of z?
5
Let p(u) = -354*u - 40. Let r be p(-3). Let v = r - -754. What is the units digit of v?
6
Let l(i) = -i**3 + 10*i**2 - 13*i - 10. Let h be 5*3/((-3)/(-5)). Suppose h = 3*a + 4*u, -2*a - 3*u + 16 + 1 = 0. What is the tens digit of l(a)?
4
Suppose -36*s - 189 = -43*s - 56*s. Let z be (0/1 + 0)*1. Suppose z = 5*k - 6 + 1, -2*n = s*k - 13. What is the units digit of n?
5
Suppose -z + 84 = 5*z. Suppose -r - j - 3 = -z, -4*j = 2*r - 14. Suppose -2*k - n + 275 = k, 0 = -3*n + r. What is the tens digit of k?
9
Let m(h) = h**3 - 57*h**2 - 11*h - 453. What is t